 - o. Is y a composite number?
True
Let p(d) = 123*d**2 + d + 5. Let x(o) = -o**2 + 23*o - 94. Let j be x(18). Is p(j) composite?
True
Suppose 8*s + 244 = 44. Let y be (4 - (-99535)/s) + 2/5. Let t = -1200 - y. Is t composite?
False
Suppose 0 = 6*t - 4951461 + 1006755. Is t a composite number?
False
Let p(y) = -y**3 - 8*y**2 - 8*y. Suppose 3*u - 5*x - 65 = 0, u - 6*u + 127 = x. Suppose 7 = o + 4*d - 2, 3*o - d + u = 0. Is p(o) prime?
True
Is (8/(-32)*20161)/(1 - (-25)/(-20)) composite?
False
Let t be -76*(9 + -8)/((-3)/42). Suppose -r - 3*i = -448 + 100, -3*r + t = 5*i. Let w = r - -286. Is w a composite number?
True
Is (-448722)/2*(-78)/702 prime?
False
Suppose 3*g - 6*g - 108 = 0. Is (-86808)/g + (-2)/6*1 a composite number?
False
Is (10876*(-33)/48)/((-2)/8) prime?
False
Let p(x) = -10*x**3 + 5*x**2 - 15*x - 15. Let l be p(-6). Let q(u) = -u**3 - 2*u**2 - 4*u - 3. Let j be q(-2). Suppose 20*h = j*h + l. Is h a prime number?
False
Let o(l) = -8*l + 147. Let r be o(18). Suppose 15542 = p - r*d - 0*d, -p + 4*d = -15541. Is p prime?
False
Suppose 0 = -4*w - w. Let g(t) = t**3 + 68*t**2 - 62*t + 486. Let o be g(-69). Suppose -o*l + 12 - 3 = w, 2*l + 4429 = 5*a. Is a a prime number?
True
Suppose -3*n + 2*c - 11784 = 2*n, -5*n + c - 11787 = 0. Let h = n - -22159. Is h a composite number?
False
Let r = 6 + -86. Let j be 2/8 - (-130900)/r. Is (j - (-2 - 0))/(-2) composite?
True
Suppose -120*r + 332502 = -114*r. Is r composite?
True
Let z = -275 - -341. Suppose 76*s = z*s + 48610. Is s prime?
True
Let d(u) = 417715*u**2 + 124*u - 37. Is d(2) composite?
True
Let z be (0 - 4)/((-28)/42). Suppose -11*n - z*n + 68 = 0. Suppose -1061 = -n*v + 11127. Is v composite?
True
Suppose -w - 2*i - 3*i = -20, 4*i = 3*w - 3. Suppose 3*k - 40 = 2*b + 35, -5*b - 180 = -w*k. Let t = 182 + b. Is t prime?
True
Suppose 4*p - 20 = 9*p, 5*g - 127014 = -4*p. Suppose g = -6*q + 8*q. Let c = -7322 + q. Is c a prime number?
True
Suppose -2*s + 5*x = -2745233 + 516229, 4*x - 3343598 = -3*s. Is s a composite number?
True
Let y(j) = 29268*j**2 + 271*j - 543. Is y(2) prime?
True
Let q(c) = 1243*c**2 + 2*c + 2. Let h(w) = 2 + w**3 - 3*w**2 + 11*w - 2 - 6 - 4*w**2. Let a be h(5). Is q(a) prime?
False
Suppose -v = k - 137, -1 = -5*k - 21. Let u = v - -70. Suppose -16*g + u = -15*g. Is g prime?
True
Let k(h) = -209*h - 89 + 30*h + 37. Is k(-15) composite?
False
Suppose -442921602 = 109*n - 625*n - 50*n. Is n a composite number?
True
Suppose l = -4*a + 61875, -2*l + 1195 = a - 122562. Is l composite?
False
Let d be 15/6 - 4/8. Suppose 0*i + d*i + g = -28, -5*i - 77 = -g. Is 2110/((-14 - i) + 1 + 0) a composite number?
True
Is 1388643 + -7 - (-1 - (-1)/(-2)*8) composite?
False
Suppose -g = 2*o - 6, 3*o = g + 21 - 27. Suppose 3*q = 5*q + 2, 4*q + 23638 = 3*c. Suppose 0 = g*u - 2064 - c. Is u a prime number?
True
Suppose -f - 2448 - 670 = -5*c, 3*f = 4*c - 2490. Suppose -3577 - c = -p. Is p a composite number?
False
Suppose -112 - 239 = 9*n. Is (-1 - -22)*(-481)/n prime?
False
Suppose 3*f - 56327 - 13888 = -3*z, 3*f = 2*z + 70185. Is f a prime number?
True
Let f(l) = 4*l - 10. Let p be f(4). Suppose -3*i + 0 + p = 0. Suppose -i*m - 348 = -4*a + 460, -5*a - 5*m + 1025 = 0. Is a prime?
False
Suppose -7885287 = -75*s - 3387437 + 9360725. Is s composite?
True
Let z be 5/(45/1806) - (-4)/(-6). Suppose n = 4*b - 857, -4*n - n - z = -b. Let v = -16 + b. Is v a prime number?
True
Let u = 69059 - 45340. Is u composite?
False
Let n = -57 - -57. Let d be n + 12/(3 - -1). Suppose -388 + 49 = -d*g. Is g prime?
True
Suppose p - 11*p = 2300. Let v = 561 + p. Is v a composite number?
False
Let u be (-1)/(-6) + 116/24. Suppose t - 54 = -u*t. Suppose -11*c + t*c + 1498 = 0. Is c prime?
False
Is (-4)/(-72) - -1*17562993/378 a composite number?
True
Suppose 5*n + 11557 = -4*u - 1841, 0 = n - u + 2676. Suppose -12629 - 15664 - 44592 = 43*t. Let f = t - n. Is f prime?
True
Let u = 14774 - -87659. Is u a composite number?
False
Let f = 37 + -44. Let j(t) = -168*t - 69. Let b(g) = 84*g + 35. Let q(h) = f*b(h) - 4*j(h). Is q(8) a composite number?
True
Let t(x) = 243*x**2 + 6*x + 10. Let u(n) = -n**2 + 20*n - 5. Let l be u(20). Let o be t(l). Suppose -o = 4*y - 9*y. Is y composite?
True
Let a = 46 - -424. Suppose -3*y - 945 = -3*i, -2*y = 3*i - a - 495. Is i prime?
False
Let k = 20 + -18. Suppose -3*s = -k*s - 5. Suppose 2*o + s*a - 2240 = 0, -5*o + 3*a = -4*o - 1109. Is o a composite number?
True
Let m(o) = 16*o - 3645. Let d(h) = -36*h + 7291. Let l(n) = -2*d(n) - 5*m(n). Is l(0) a composite number?
False
Suppose -3*f = -2*i + 16513, -f - i - 5499 = -3*i. Let p = f + 8872. Is p prime?
False
Let s(w) = -61615*w - 692. Is s(-5) composite?
True
Is 14/(-2) - (-647859 + -167) a prime number?
True
Suppose 0 = -2*x - 3*x + 410. Suppose 0 = 4*i - 9*i + 6625. Suppose -v + i = x. Is v a prime number?
False
Let s = -1420 - -1422. Let u = 7 - 5. Suppose -5*f - s*z = -653, 0 = 4*f - u*z - 79 - 447. Is f prime?
True
Let s = -8824 + 12640. Let b be ((-321)/3)/(5/(-190)). Suppose 14*f - s = b. Is f composite?
False
Let b = -206745 + 416672. Is b composite?
False
Is 325/(-150)*(4 + -325918) a composite number?
True
Is (216/(-432))/(1/(-146554)) a prime number?
True
Let n(v) = 257*v**3 + 17*v**2 - 61*v - 17. Is n(6) a composite number?
True
Let z(q) be the first derivative of -q**4/4 - 7*q**3/3 - 11*q**2/2 + 16. Let u be z(-5). Suppose 3*f - w = 2371, u*f - 3494 = 2*w + 457. Is f prime?
False
Suppose 2*w + 16*d - 143698 = 11*d, 0 = -w + 4*d + 71901. Is w prime?
False
Is (3 + (-33)/9)/(10/(-3275355)) a composite number?
False
Suppose -2*n - i = -23930, -3*i - 13264 = -2*n + 10650. Is n a composite number?
True
Suppose -52*b + 22755 = 93*b + 207775. Suppose 0*c = 5*c + 5. Is (1/4)/(c/b) composite?
True
Let u(m) = 7*m**3 - 5*m**2 - 8*m + 7. Let z be u(5). Suppose z = v - 116. Suppose 2*s = 3*w - 470 - 797, s - v = -2*w. Is w prime?
True
Let m = 78648 - -27943. Is m a composite number?
False
Suppose 0 = -258*d + 280364 + 376850 - 251122. Is d a composite number?
True
Let b(j) = j + 45. Let c be b(-42). Is (-3)/(-2) + (-25745)/(-10) + c composite?
False
Let n(x) = x**3 - x**2 + 5*x + 5485. Let p(f) = 2*f - 1. Let u be p(3). Suppose 20 = -2*m - u*y, 4*m + y - 2 = -6. Is n(m) a prime number?
False
Suppose -j + 81 = z - 10, 3*j + 4*z = 278. Suppose -26*a = -j*a + 501180. Is a composite?
False
Suppose 34*s - 65*s + 290810548 = 141*s. Is s a prime number?
False
Let c = -704 + 60. Let j = 457 - c. Is j a prime number?
False
Let q = -145 + 84. Let n = q - -19. Is (1 + (-655)/(-15))*n/(-4) composite?
True
Is 1*-13 - (-114 + -68360) a composite number?
True
Is (-1 - (-658427)/(-66))/(1/(-6)) prime?
True
Let i(h) = -5*h**2 - 10*h + 25. Let m be i(8). Let t = m - -460. Is t composite?
True
Is (-1)/(-12) - 18713515/(-204) composite?
False
Let d(b) = 49669*b**2 - 9*b + 3. Is d(-1) a composite number?
False
Let q(g) = 246*g**2 + 108*g - 322. Is q(24) composite?
True
Let q(b) = 7*b**2 + 20*b. Let r be q(-3). Suppose 0 = m + 3*t + 9, 11 = -r*m - 5*t - 4. Suppose 11*d - 6*d - 6005 = m. Is d prime?
True
Let b = 238 - -81. Let c(n) = 1 - 431*n - b*n + 0. Is c(-1) prime?
True
Suppose 5*o + 3*a = -157, 3*o - 4*a = 4*o + 45. Let s = 616 + o. Is s prime?
True
Is -6 - (16 + -8 - 195705) composite?
False
Let v(d) = d**2 - 6*d + 5. Let l be (2/(-4))/((-1)/(-12)). Let f be v(l). Is f*(1 + -2 + 2) a prime number?
False
Suppose -26*q + 41*q = 8059035. Is q prime?
True
Let p be (-1150)/(-3) - ((-96)/18)/8. Suppose -8*h + 0*h + p = 0. Is (-2)/(-12) + 424/h prime?
False
Let w(u) = -197*u - 108. Let q be (150/(-9) - -4)/((-2)/(-3)). Is w(q) a composite number?
True
Let g(z) = z. Let k(y) = 425*y + 23. Let o = -50 - -49. Let p(n) = o*k(n) - 4*g(n). Is p(-8) a prime number?
False
Let d be (-331947)/(-42) - 2/4. Let g = d - 3404. Is g composite?
True
Let d(g) = -6*g**2 + 3*g**2 + 0 + 50*g**2 - g**3 + 1 + 0*g**2 - 10*g. Is d(46) composite?
False
Let o(b) = -12*b + 120. Let i be o(10). Is (i + 1)/((-83)/(-127571)) prime?
False
Let h = 696 - 662. Is 4/h + (-29482029)/(-2601) prime?
False
Let i(x) = 25310*x**3 - 49*x**2 - 2*x - 28. Is i(5) a composite number?
False
Suppose -s - 6*t = -t - 3, -3*s - 2*t = -9. Suppose 13*m - 9*m = -d + 21533, 0 = s*m + d - 16150. Is m a 